035?
5, 23, 8009
What are the prime factors of 6397494?
2, 3, 389, 2741
List the prime factors of 29576228.
2, 11, 59, 11393
What are the prime factors of 21113985?
3, 5, 1407599
What are the prime factors of 400187?
400187
List the prime factors of 379363.
349, 1087
List the prime factors of 15979220.
2, 5, 798961
What are the prime factors of 146993?
7, 11, 23, 83
List the prime factors of 78017.
78017
What are the prime factors of 764740?
2, 5, 38237
List the prime factors of 3218480.
2, 5, 40231
What are the prime factors of 78477?
3, 7, 37, 101
List the prime factors of 1973621.
13, 151817
What are the prime factors of 3531800?
2, 5, 17659
List the prime factors of 23271259.
11, 199, 10631
List the prime factors of 498766.
2, 249383
What are the prime factors of 418552?
2, 113, 463
List the prime factors of 13438412.
2, 13, 113, 2287
What are the prime factors of 10005864?
2, 3, 11, 151, 251
What are the prime factors of 309811?
309811
List the prime factors of 1036967.
101, 10267
What are the prime factors of 215859?
3, 7, 19, 541
What are the prime factors of 804?
2, 3, 67
List the prime factors of 338487.
3, 17, 6637
List the prime factors of 86320.
2, 5, 13, 83
List the prime factors of 1286176.
2, 40193
List the prime factors of 180368.
2, 11273
List the prime factors of 54288.
2, 3, 13, 29
List the prime factors of 2302293.
3, 7, 17, 6449
List the prime factors of 167887.
167887
What are the prime factors of 527536?
2, 32971
What are the prime factors of 475617?
3, 23, 61, 113
List the prime factors of 72944.
2, 47, 97
What are the prime factors of 5563942?
2, 31, 43, 2087
List the prime factors of 5605219.
569, 9851
What are the prime factors of 725741?
31, 41, 571
List the prime factors of 470110.
2, 5, 53, 887
What are the prime factors of 18775876?
2, 7, 19, 29, 1217
List the prime factors of 1033982.
2, 516991
List the prime factors of 2028983.
11, 139, 1327
What are the prime factors of 6493763?
19, 341777
What are the prime factors of 3523048?
2, 23, 41, 467
What are the prime factors of 602916?
2, 3, 47, 1069
What are the prime factors of 345222?
2, 3, 2131
List the prime factors of 8657873.
7, 73, 16943
List the prime factors of 998318.
2, 499159
What are the prime factors of 2458826?
2, 43, 28591
What are the prime factors of 17940076?
2, 7, 11, 53, 157
What are the prime factors of 37438?
2, 18719
What are the prime factors of 2688089?
1303, 2063
What are the prime factors of 325245?
3, 5, 21683
What are the prime factors of 146673?
3, 43, 379
List the prime factors of 2894412.
2, 3, 23, 10487
What are the prime factors of 16266467?
7, 17, 136693
What are the prime factors of 3244706?
2, 19, 103, 829
List the prime factors of 182950.
2, 5, 3659
List the prime factors of 1356054.
2, 3, 7, 83, 389
List the prime factors of 1122103.
1122103
List the prime factors of 460687.
37, 12451
What are the prime factors of 2629154?
2, 11, 127, 941
List the prime factors of 817274.
2, 408637
What are the prime factors of 147628?
2, 13, 17, 167
What are the prime factors of 626493?
3, 7, 29833
List the prime factors of 2273395.
5, 454679
What are the prime factors of 17896290?
2, 3, 5, 19, 31397
List the prime factors of 6379351.
11, 43, 13487
List the prime factors of 4287792.
2, 3, 89329
What are the prime factors of 3585789?
3, 44269
What are the prime factors of 5192883?
3, 89, 2161
What are the prime factors of 1007742?
2, 3, 53, 3169
What are the prime factors of 5932168?
2, 11, 67411
What are the prime factors of 380580?
2, 3, 5, 6343
What are the prime factors of 1075543?
7, 153649
List the prime factors of 6571120.
2, 5, 82139
List the prime factors of 114044.
2, 7, 4073
List the prime factors of 39254.
2, 19, 1033
List the prime factors of 5581932.
2, 3, 465161
What are the prime factors of 12448765?
5, 7, 355679
What are the prime factors of 236858?
2, 118429
What are the prime factors of 1510196?
2, 19, 31, 641
List the prime factors of 7006037.
653, 10729
List the prime factors of 2265876.
2, 3, 113, 557
What are the prime factors of 195165?
3, 5, 4337
What are the prime factors of 1203026?
2, 11, 149, 367
What are the prime factors of 1438824?
2, 3, 59951
What are the prime factors of 605065?
5, 121013
What are the prime factors of 1033858?
2, 7, 73847
What are the prime factors of 83834?
2, 167, 251
List the prime factors of 564876.
2, 3, 13, 17, 71
List the prime factors of 4282937.
109, 39293
What are the prime factors of 1667210?
2, 5, 29, 5749
List the prime factors of 14801256.
2, 3, 241, 853
List the prime factors of 442217.
442217
List the prime factors of 341254.
2, 170627
List the prime factors of 2983391.
863, 3457
What are the prime factors of 701971?
337, 2083
List the prime factors of 3462186.
2, 3, 7, 13, 17, 373
What are the prime factors of 553831?
19, 103, 283
List the prime factors of 12220513.
29, 421397
What are the prime factors of 3039883?
7, 11, 37, 97
List the prime factors of 5695817.
37, 153941
What are the prime factors of 969612?
2, 3, 7, 17, 97
List the prime factors of 858797.
23, 37339
What are the prime factors of 332742?
2, 3, 55457
List the prime factors of 357533.
11, 32503
List the prime factors of 8588700.
2, 3, 5, 3181
What are the prime factors of 526190?
2, 5, 7, 7517
What are the prime factors of 33663462?
2, 3, 7, 97, 8263
List the prime factors of 363021.
3, 121007
What are the prime factors of 18308314?
2, 9154157
What are the prime factors of 176573?
176573
List the prime factors of 3422048.
2, 7, 15277
What are the prime factors of 9369349?
11, 23, 29, 1277
List the prime factors of 9135037.
379, 24103
What are the prime factors of 723656?
2, 17, 313
List the prime factors of 3012900.
2, 3, 5, 11, 83
List the prime factors of 175681.
11, 15971
List the prime factors of 134441.
233, 577
What are the prime factors of 379877?
379877
What are the prime factors of 2102126?
2, 13, 233, 347
What are the prime factors of 62792?
2, 47, 167
List the prime factors of 3362778.
2, 3, 227, 823
List the prime factors of 11072694.
2, 3, 37, 49877
What are the prime factors of 397490?
2, 5, 39749
List the prime factors of 619674.
2, 3, 11, 41, 229
List the prime factors of 3047785.
5, 13, 46889
List the prime factors of 13873588.
2, 863, 4019
What are the prime factors of 44597907?
3, 4955323
List the prime factors of 325439.
325439
What are the prime factors of 3729779?
47, 79357
What are the prime factors of 110249?
41, 2689
What are the prime factors of 199711?
41, 4871
What are the prime factors of 1443785?
5, 7, 71, 83
What are the prime factors of 399410?
2, 5, 11, 3631
What are the prime factors of 6417326?
2, 19, 97, 1741
What are the prime factors of 163336?
2, 17, 1201
List the prime factors of 210265.
5, 11, 3823
What are the prime factors of 5300970?
2, 3, 5, 176699
List the prime factors of 2671665.
3, 5, 277, 643
List the prime factors of 9314760.
2, 3, 5, 7, 13, 853
List the prime factors of 1584143.
11, 144013
List the prime factors of 202996.
2, 19, 2671
What are the prime factors of 1115217?
3, 17, 37, 197
What are the prime factors of 4963139?
59, 84121
What are the prime factors of 3246425?
5, 7, 13, 1427
List the prime factors of 585881.
585881
List the prime factors of 89352.
2, 3, 17, 73
What are the prime factors of 641139?
3, 213713
List the prime factors of 3162938.
2, 1581469
List the prime factors of 9869401.
17, 580553
What are the prime factors of 3243059?
41, 83, 953
What are the prime factors of 3643888?
2, 227743
What are the prime factors of 9599547?
3, 3199849
List the prime factors of 2782487.
43, 64709
List the prime factors of 3908916.
2, 3, 11, 9871
What are the prime factors of 2559396?
2, 3, 7, 30469
What are the prime factors of 3486583?
29, 109, 1103
List the prime factors of 220085.
5, 44017
List the prime factors of 277174.
2, 138587
What are the prime factors of 562426?
2, 29, 9697
What are the prime factors of 87593?
11, 7963
What are the prime factors of 389289?
3, 129763
List the prime factors of 693761.
41, 16921
What are the prime factors of 1952815?
5, 23, 16981
List the prime factors of 243041.
23, 10567
List the prime factors of 2579336.
2, 322417
What are the prime factors of 125285?
5, 25057
What are the prime factors of 210537?
3, 1